5622451 - 0?
145622451
In base 2, what is 110011 - -10010111100010100?
10010111101000111
In base 12, what is 5 + 1572a94b?
1572a954
In base 5, what is 10 - -4131434314?
4131434324
In base 12, what is 8781695 - -25?
87816ba
In base 13, what is 4 + -77c210?
-77c209
In base 5, what is 12232 - 3224313?
-3212031
In base 3, what is -100012211 - 100001221?
-200021202
In base 15, what is 25c0166 + 0?
25c0166
In base 3, what is -1200012010010 - 1012?
-1200012011022
In base 3, what is 210012000102011 - -11?
210012000102022
In base 4, what is 201131103 + -101003?
201030100
In base 12, what is 0 + -4768193?
-4768193
In base 14, what is -3a65 + a64?
-3001
In base 6, what is -3132 + 15314422?
15311250
In base 9, what is 20 - -22302871?
22303001
In base 10, what is 23 + -6309016?
-6308993
In base 13, what is -3000163 - -5?
-300015b
In base 11, what is 848 + -15667?
-1491a
In base 16, what is -48d79 + ff?
-48c7a
In base 7, what is -40234 - -14246?
-22655
In base 5, what is -1012204302003 - 1?
-1012204302004
In base 9, what is 274 + -3283628?
-3283344
In base 11, what is -17054 + 206?
-16949
In base 10, what is -279892210 - 2?
-279892212
In base 6, what is -504450542 - -2?
-504450540
In base 13, what is 188b + -bcc5?
-a437
In base 8, what is -273 - 236606?
-237101
In base 2, what is -110 - 1101011110001010?
-1101011110010000
In base 3, what is 1011212221220 + 20110?
1011220012100
In base 8, what is 1225 + -16617?
-15372
In base 3, what is 110022 - -11221120?
12101212
In base 3, what is -112100110212202220 + -1?
-112100110212202221
In base 14, what is -d65a + 420?
-d23a
In base 2, what is 1101000100010011 - 100001?
1101000011110010
In base 4, what is 222 + -302221303?
-302221021
In base 5, what is 12112244 - 41344?
12020400
In base 11, what is 11a1852 - -60?
11a1902
In base 6, what is -3104 + 14121?
11013
In base 8, what is 135207 + 4462?
141671
In base 16, what is 3556 + -6a37?
-34e1
In base 2, what is 11001010 + 110101011111001?
110101111000011
In base 5, what is 1044243311 - -14?
1044243330
In base 12, what is a + -256b60?
-256b52
In base 9, what is 1006164 - 174?
1005880
In base 10, what is -2632 + -154838?
-157470
In base 11, what is -118034 + -10a?
-118143
In base 14, what is 4582 + c0?
4662
In base 5, what is -14010 + -2232041?
-2301101
In base 14, what is 2a5ab - 7?
2a5a4
In base 6, what is 20 + -13513451?
-13513431
In base 11, what is 700a + 26a1?
9700
In base 15, what is 10 - -b8d1?
b8e1
In base 13, what is 1c30b + 2b0?
1c5bb
In base 14, what is -7 + 533810?
533807
In base 11, what is -6683 - 12a37?
-1960a
In base 10, what is 9 - 3073565?
-3073556
In base 9, what is -8178534 - -4?
-8178530
In base 14, what is -16 - 3abd6?
-3ac0c
In base 14, what is -3 - 12d97882?
-12d97885
In base 7, what is -1362 + 41522?
40130
In base 15, what is 64b4a - -1b?
64b66
In base 14, what is -1 - 1377388?
-1377389
In base 8, what is -166 + 102052?
101664
In base 2, what is 101 + -111101011111011011110101001?
-111101011111011011110100100
In base 8, what is -455 + -14742551?
-14743226
In base 7, what is 435534 + 1106?
436643
In base 6, what is 5302513455 - 5?
5302513450
In base 4, what is -10 - -122200130201?
122200130131
In base 15, what is -540a8 + 72d?
-5387a
In base 7, what is -1565 - 4564625?
-4566523
In base 9, what is 841187 + 0?
841187
In base 5, what is 14410044203 + -1?
14410044202
In base 12, what is -5 - -16a7b86a?
16a7b865
In base 9, what is -115 - -88810?
88684
In base 9, what is -134840 - -2861?
-131868
In base 5, what is -311111411411 - -4?
-311111411402
In base 16, what is 483f9b1 - 3?
483f9ae
In base 16, what is -41 - 67651?
-67692
In base 8, what is -2 + 2442677502?
2442677500
In base 14, what is -1d2a194 + -6?
-1d2a19a
In base 9, what is -41507 - 7420?
-50027
In base 15, what is 2bc + 24bc?
2789
In base 5, what is -2011202320 - 44?
-2011202414
In base 13, what is 6965c - -cb?
6975a
In base 7, what is -16331122 + -3?
-16331125
In base 4, what is -13231023003022 + -3?
-13231023003031
In base 5, what is -111123443 + 2220?
-111121223
In base 2, what is -10011010100111111100 + 10?
-10011010100111111010
In base 11, what is 24798 - 68?
24730
In base 6, what is -255 + -21451214?
-21451513
In base 13, what is -1c189 + -79?
-1c235
In base 16, what is 2 - 35305d?
-35305b
In base 4, what is -131023210021 - -32?
-131023203323
In base 16, what is -51586 - -f8?
-5148e
In base 8, what is -1370514031 - 5?
-1370514036
In base 2, what is 10001 - -111110001001110010111011?
111110001001110011001100
In base 13, what is 10c714 - -18?
10c72c
In base 15, what is 46 + -18acd?
-18a87
In base 10, what is -262379 - 16?
-262395
In base 6, what is 2323455000 + 4?
2323455004
In base 13, what is 575040 + -5?
575038
In base 11, what is 56682a - 237?
5665a3
In base 5, what is -11233 - -13021230?
13004442
In base 3, what is -10110 + -2222020000?
-2222100110
In base 15, what is caae33 + -17?
caae1b
In base 5, what is 340222 - -11121?
401343
In base 7, what is 2 + -3631531?
-3631526
In base 3, what is -1200210220 - -111211?
-1200022002
In base 2, what is -1001100110001001110001 - -1000110?
-1001100110001000101011
In base 12, what is -414372 + -8?
-41437a
In base 12, what is 15391 - 93?
152ba
In base 2, what is 101100100100001100110011 + 1100?
101100100100001100111111
In base 3, what is -12010 + 2212110?
2200100
In base 11, what is -61a1 + -44?
-6235
In base 12, what is -10860 + 148?
-10714
In base 7, what is 221 + -6346236?
-6346015
In base 11, what is 1569 + 45135?
466a3
In base 11, what is -58 - -5a623?
5a576
In base 10, what is -937 + -10238?
-11175
In base 9, what is 51660246 - -6?
51660253
In base 12, what is 268 + 16b?
417
In base 7, what is 5533324 - -460?
5534114
In base 11, what is -23 - -138651?
138629
In base 8, what is -4547212 - 11?
-4547223
In base 16, what is -49d + -e5f?
-12fc
In base 13, what is 4675 + -29c?
43a6
In base 5, what is 14 - 2241012030?
-2241012011
In base 3, what is 20102201 + -2001221?
11100210
In base 2, what is 101101010110111101000 + 10100?
101101010110111111100
In base 2, what is -110000101010110101101 - -110?
-110000101010110100111
In base 11, what is 723692 - -4?
723696
In base 5, what is -3342014 + -4233?
-3401302
In base 10, what is 821 + -152262?
-151441
In base 14, what is -22d82616 + 4?
-22d82612
In base 4, what is -121221300323 + -1110?
-121221302033
In base 16, what is 6c826f + 16?
6c8285
In base 6, what is -10220252 - 132?
-10220424
In base 11, what is 2 - -1733315?
1733317
In base 9, what is -1037444 + -178?
-1037633
In base 2, what is -101011 - 100011001011001011?
-100011001011110110
In base 5, what is 41133311 + 44?
41133410
In base 9, what is 24310052 - 3?
24310048
In base 3, what is 1122111021100010 - 22?
1122111021022211
In base 4, what is -12 - 23220220210101?
-23220220210113
In base 10, what is 607341 - 359?
606982
In base 12, what is a55 - -17a37?
18890
In base 5, what is -3 + 101401201340?
101401201332
In base 14, what is -21 - -997b?
995a
In base 4, what is 2 - -23012333130?
23012333132
In base 6, what is 1234 - 14451?
-13213
In base 4, what is 13301 - 1031023203?
-1031003302
In base 2, what is -1 + -111011100010110101000?
-111011100010110101001
In base 14, what is 293857 + 4?
29385b
In base 15, what is 182d8 + -26?
182b2
In base 12, what is 55a419b + 1?
55a41a0
In base 13, what is 89 - -aa55?
ab11
In base 8, what is 255 + 14224?
14501
In base 10, what is -49162 - -973?
-48189
In base 6, what is 15525213 - 0?
15525213
In base 9, what is -7 + -130215075?
-130215083
In base 12, what is 60ba7 - 78?
60b2b
In base 11, what is -18a69 - 1890?
-1a849
In base 6, what is 113332023344 + -4?
113332023340
In base 7, what is -62 - -220526?
220434
In base 5, what is -32134242 - -2?
-32134240
In base 5, what is 21 + -444102443?
-444102422
In base 7, what is 4150406 - 46?
4150330
In base 9, what is -7 + 87205016?
87205008
In base 7, what is 36 + 6200026?
6200065
In base 3, what is -201212121000 - -1101021?
-201211012202
In base 11, what is -2839590 + 1?
-283958a
In base 7, what is -553004 + 6136?
-543535
In base 8, what is 106633314 + 10?
106633324
In base 3, what is 10221222 - -2211202?
20210201
In base 15, what is b3 + -4b3c5?
-4b312
In base 7, what is -40162500 - 4?
-40162504
In base 10, what is -11 + -306984?
-306995
In base 3, what is 121222000